{"id":80,"date":"2021-02-24T19:15:53","date_gmt":"2021-02-24T19:15:53","guid":{"rendered":"http:\/\/www.tarinamestarit.fi\/?post_type=product&#038;p=80"},"modified":"2024-09-16T08:00:45","modified_gmt":"2024-09-16T08:00:45","slug":"wesslanderin-kartano","status":"publish","type":"product","link":"https:\/\/www.tarinamestarit.fi\/index.php\/product\/wesslanderin-kartano\/","title":{"rendered":"Kuudennusmiehen kuolema &#8211; murhamysteeripeli"},"content":{"rendered":"<h2>Kuudennusmiehen kuolema &#8211; murhamysteeripeli<\/h2>\n<p>Kuudennusmiehen kuolema -murhamysteeripeli sijoittuu Suomeen, M\u00e4ntykosken pit\u00e4j\u00e4\u00e4n vuonna 1865. Nyt Wesslanderin kartanossa tapahtuu kummia. Ker\u00e4\u00e4 kokoon hyv\u00e4 porukka ja tule selvitt\u00e4m\u00e4\u00e4n murhamysteeri. Heitt\u00e4ydy seikkailuun! Kukaties voit l\u00f6yt\u00e4\u00e4 pelist\u00e4 historiallisiakin hahmoja&#8230;<\/p>\n<p>T\u00e4m\u00e4 kartano ei tunne sanaa tyls\u00e4. Tule ottamaan selv\u00e4\u00e4, mit\u00e4 kartanossa tapahtuu ja kuka on syyllinen.<\/p>\n<p>On toukokuu. M\u00e4ntykosken pit\u00e4j\u00e4ss\u00e4 kohistaan: Simeoni Wesslander, M\u00e4ntykosken pit\u00e4j\u00e4n kuudennusmies ja rikkaan Wesslanderin kartanon omistaja, l\u00f6ytyi maaliskuussa vilja-aitastaan kahdella hangolla seiv\u00e4stettyn\u00e4. Ep\u00e4iltyj\u00e4 riitt\u00e4\u00e4, sill\u00e4 Simeoni onnistui el\u00e4ess\u00e4\u00e4n suututtamaan tosissaan niin suvun kuin naapuritkin. Lis\u00e4ksi h\u00e4n oli ehk\u00e4p\u00e4 maailman huonoin kuudennusmies: h\u00e4n v\u00e4isti kaikki velvollisuutensa ja k\u00e4ytti valta-asemaansa niin v\u00e4\u00e4rin, ett\u00e4 pit\u00e4j\u00e4n jokainen asukas oli v\u00e4hint\u00e4\u00e4n kerran miettinyt tarttuvansa hein\u00e4hankoon&#8230;<\/p>\n<p>Murhasta on nyt kulunut jo kaksi kuukautta. Murhaajia ei\u00a0 edelleenk\u00e4\u00e4n ole tavoitettu. Monet pit\u00e4j\u00e4n t\u00e4rke\u00e4t ja v\u00e4h\u00e4n v\u00e4hemm\u00e4nkin t\u00e4rke\u00e4t henkil\u00f6t kokoontuvat uteliaina Wesslanderin kartanoon perunkirjoitustilaisuuteen kuulemaan, kuka perii kartanon ja sen huomattavan omaisuuden.<\/p>\n<p>Samalla pit\u00e4j\u00e4n asukkaat saavat samalla taas virallisen luvan matkustaa pit\u00e4j\u00e4n ulkopuolelle. Kukaan heist\u00e4 ei nimitt\u00e4in ole saanut poistua pit\u00e4j\u00e4st\u00e4 tutkinnan aikana. Ei niin, ett\u00e4 kovin moni m\u00e4ntykoskelainen minnek\u00e4\u00e4n on koskaan menossa. Osa saattaa ehk\u00e4 el\u00e4m\u00e4ns\u00e4 aikana k\u00e4yd\u00e4 kerran tai pari Porissa. Kukaan ei kuitenkaan pid\u00e4 siit\u00e4, ett\u00e4 on kielletty l\u00e4htem\u00e4st\u00e4. Vaikkei sitten koskaan minnek\u00e4\u00e4n menisik\u00e4\u00e4n.<\/p>\n<p>Perunkirjoituksen j\u00e4lkeen on samalla luvassa my\u00f6s ylelliset tanssiaiset juhlap\u00e4iv\u00e4llisineen kartanon uusien omistajien \u2013 Martan ja Svanten \u2013 kunniaksi. El\u00e4m\u00e4 kukoistaa j\u00e4lleen Wesslanderin kartanossa. Vaan kuka tappoi kuudennusmiehen? Ja miksi?<\/p>\n<p>Wesslanderin murhamysteeripeliin mahtuu mukaan 10\u201320 pelaajaa. Pelin hinta on 40 euroa\/pelaaja. Pelin kesto on noin 4 &#8211; 5 tuntia, riippuen pelaajista itsest\u00e4\u00e4n.<\/p>\n<p>&nbsp;<\/p>\n<p>Anna sis\u00e4isen salapoliisisi n\u00e4ytt\u00e4\u00e4 kyntens\u00e4! Tarinamestarien peleiss\u00e4 ei ole n\u00e4yttelij\u00f6it\u00e4, joiden esityst\u00e4 katsellaan, vaan pelaajat esitt\u00e4v\u00e4t roolit itse.\u00a0 Murhamysteeripeli\u00e4 pelataan p\u00f6yd\u00e4n \u00e4\u00e4ress\u00e4 istuen. Jokainen on pukeutunut roolinsa mukaisesti ja lukee omat vuorosanansa pelivihkosta. Tarkoitus on selvitt\u00e4\u00e4, kuka p\u00f6yd\u00e4ss\u00e4 istujista on murhaaja &#8211; tai murhaajia voi olla useampiakin. Pelaaminen on tehty mahdollisimman helpoksi &#8211; mit\u00e4\u00e4n ei tarvitse keksi\u00e4 itse ja rooliinsa saa heitt\u00e4yty\u00e4 juuri niin paljon kuin haluaa.<\/p>\n<p><a href=\"https:\/\/www.tarinamestarit.fi\/index.php\/131-2\/\"><img loading=\"lazy\" class=\"alignnone size-medium wp-image-819\" src=\"https:\/\/www.tarinamestarit.fi\/wp-content\/uploads\/2021\/06\/Hyva-tietaa-linkki-300x109.jpg\" alt=\"\" width=\"300\" height=\"109\" srcset=\"https:\/\/www.tarinamestarit.fi\/wp-content\/uploads\/2021\/06\/Hyva-tietaa-linkki-300x109.jpg 300w, https:\/\/www.tarinamestarit.fi\/wp-content\/uploads\/2021\/06\/Hyva-tietaa-linkki.jpg 518w\" sizes=\"(max-width: 300px) 100vw, 300px\" \/><\/a><\/p>\n<p>Muista my\u00f6s tutustua muihin murhamysteeripeleihimme!<\/p>\n<p><a href=\"https:\/\/www.tarinamestarit.fi\/index.php\/product\/wesslanderin-kartano\/\">Kuudennusmiehen kuolema<\/a><\/p>\n<p><a href=\"https:\/\/www.tarinamestarit.fi\/index.php\/product\/murha-hiekkarannalla-murhamysteeripeli\/\">Murha hiekkarannalla<\/a><\/p>\n<p><a href=\"https:\/\/www.tarinamestarit.fi\/index.php\/product\/murha-hotelli-luxorissa-murhamysteeripeli\/\">Murha Hotelli Luxorissa<\/a><\/p>\n<p><a href=\"https:\/\/www.tarinamestarit.fi\/index.php\/product\/murha-kirkkaalla-ajatuksella-murhamysteeripeli\/\">Murha kirkkaalla ajatuksella<\/a><\/p>\n<p><a href=\"https:\/\/www.tarinamestarit.fi\/index.php\/product\/murha-romantican-saarella-murhamysteeripeli\/\">Murha Romantican saarella<\/a><\/p>\n<p><a href=\"https:\/\/www.tarinamestarit.fi\/index.php\/product\/murha-taikurin\/\">Murha taikurin kartanossa<\/a><\/p>\n<p>ja minimurhis pienemm\u00e4lle porukalle:<\/p>\n<p><a href=\"https:\/\/www.tarinamestarit.fi\/index.php\/product\/murha-merirosvolaivalla-minimurhis\/\">Murha merirosvolaivalla<\/a><\/p>\n","protected":false},"excerpt":{"rendered":"<p>M\u00e4ntykosken pit\u00e4j\u00e4ss\u00e4 kohistaan: Simeoni Wesslander, M\u00e4ntykosken pit\u00e4j\u00e4n kuudennusmies ja rikkaan Wesslanderin kartanon omistaja, l\u00f6ytyi maaliskuussa vilja-aitastaan kahdella hangolla seiv\u00e4stettyn\u00e4. Ep\u00e4illyist\u00e4 ei ole pulaa: Simeoni oli onnistunut suututtamaan niin sukunsa kuin naapurinsakin ja k\u00e4ytt\u00e4nyt kuudennusmiehen asemaansa pit\u00e4j\u00e4ss\u00e4 v\u00e4\u00e4rin kaikin mahdollisin tavoin.<\/p>\n<p>Kaksi kuukautta kuluu. Murhaajia ei edelleenk\u00e4\u00e4n ole tavoitettu. Monet pit\u00e4j\u00e4n t\u00e4rke\u00e4t ja v\u00e4h\u00e4n v\u00e4hemm\u00e4nkin t\u00e4rke\u00e4t henkil\u00f6t kokoontuvat uteliaina Wesslanderin kartanoon perunkirjoitustilaisuuteen kuulemaan, kuka perii kartanon ja sen huomattavan omaisuuden. Samalla luvassa my\u00f6s ylelliset tanssiaiset juhlap\u00e4iv\u00e4llisineen kartanon uusien omistajien \u2013 Martan ja Svanten \u2013 kunniaksi. El\u00e4m\u00e4 kukoistaa j\u00e4lleen Wesslanderin kartanossa. Vaan kuka tappoi kuudennusmiehen? Ja miksi?<\/p>\n","protected":false},"featured_media":249,"comment_status":"open","ping_status":"closed","template":"","meta":[],"yoast_head":"<!-- This site is optimized with the Yoast SEO plugin v15.8 - https:\/\/yoast.com\/wordpress\/plugins\/seo\/ -->\n<title>Wesslanderin kartano - Murhamysteeripeli, Tarinamestarit<\/title>\n<meta name=\"description\" content=\"Wesslanderin kartano, t\u00e4ss\u00e4 murhamysteeripeliss\u00e4 kartanon omistaja l\u00f6ytyy vilja-aitastaan kahdella hangolla seiv\u00e4stettyn\u00e4. .\" \/>\n<meta name=\"robots\" content=\"index, follow, max-snippet:-1, max-image-preview:large, max-video-preview:-1\" \/>\n<link rel=\"canonical\" href=\"https:\/\/www.tarinamestarit.fi\/index.php\/product\/wesslanderin-kartano\/\" \/>\n<meta property=\"og:locale\" content=\"fi_FI\" \/>\n<meta property=\"og:type\" content=\"article\" \/>\n<meta property=\"og:title\" content=\"Wesslanderin kartano - Murhamysteeripeli, Tarinamestarit\" \/>\n<meta property=\"og:description\" content=\"Wesslanderin kartano, t\u00e4ss\u00e4 murhamysteeripeliss\u00e4 kartanon omistaja l\u00f6ytyy vilja-aitastaan kahdella hangolla seiv\u00e4stettyn\u00e4. .\" \/>\n<meta property=\"og:url\" content=\"https:\/\/www.tarinamestarit.fi\/index.php\/product\/wesslanderin-kartano\/\" \/>\n<meta property=\"og:site_name\" content=\"Tarinamestarit\" \/>\n<meta property=\"article:modified_time\" content=\"2024-09-16T08:00:45+00:00\" \/>\n<meta property=\"og:image\" content=\"https:\/\/www.tarinamestarit.fi\/wp-content\/uploads\/2021\/03\/Wesslanderpeli-scaled.jpg\" \/>\n\t<meta property=\"og:image:width\" content=\"2560\" \/>\n\t<meta property=\"og:image:height\" content=\"1879\" \/>\n<meta name=\"twitter:card\" content=\"summary_large_image\" \/>\n<meta name=\"twitter:label1\" content=\"Est. reading time\">\n\t<meta name=\"twitter:data1\" content=\"2 minuuttia\">\n<script type=\"application\/ld+json\" class=\"yoast-schema-graph\">{\"@context\":\"https:\/\/schema.org\",\"@graph\":[{\"@type\":\"WebSite\",\"@id\":\"https:\/\/www.tarinamestarit.fi\/#website\",\"url\":\"https:\/\/www.tarinamestarit.fi\/\",\"name\":\"Tarinamestarit\",\"description\":\"verkkokauppa\",\"potentialAction\":[{\"@type\":\"SearchAction\",\"target\":\"https:\/\/www.tarinamestarit.fi\/?s={search_term_string}\",\"query-input\":\"required name=search_term_string\"}],\"inLanguage\":\"fi\"},{\"@type\":\"ImageObject\",\"@id\":\"https:\/\/www.tarinamestarit.fi\/index.php\/product\/wesslanderin-kartano\/#primaryimage\",\"inLanguage\":\"fi\",\"url\":\"https:\/\/www.tarinamestarit.fi\/wp-content\/uploads\/2021\/03\/Wesslanderpeli-scaled.jpg\",\"width\":2560,\"height\":1879,\"caption\":\"kartano\"},{\"@type\":\"WebPage\",\"@id\":\"https:\/\/www.tarinamestarit.fi\/index.php\/product\/wesslanderin-kartano\/#webpage\",\"url\":\"https:\/\/www.tarinamestarit.fi\/index.php\/product\/wesslanderin-kartano\/\",\"name\":\"Wesslanderin kartano - Murhamysteeripeli, Tarinamestarit\",\"isPartOf\":{\"@id\":\"https:\/\/www.tarinamestarit.fi\/#website\"},\"primaryImageOfPage\":{\"@id\":\"https:\/\/www.tarinamestarit.fi\/index.php\/product\/wesslanderin-kartano\/#primaryimage\"},\"datePublished\":\"2021-02-24T19:15:53+00:00\",\"dateModified\":\"2024-09-16T08:00:45+00:00\",\"description\":\"Wesslanderin kartano, t\\u00e4ss\\u00e4 murhamysteeripeliss\\u00e4 kartanon omistaja l\\u00f6ytyy vilja-aitastaan kahdella hangolla seiv\\u00e4stettyn\\u00e4. .\",\"breadcrumb\":{\"@id\":\"https:\/\/www.tarinamestarit.fi\/index.php\/product\/wesslanderin-kartano\/#breadcrumb\"},\"inLanguage\":\"fi\",\"potentialAction\":[{\"@type\":\"ReadAction\",\"target\":[\"https:\/\/www.tarinamestarit.fi\/index.php\/product\/wesslanderin-kartano\/\"]}]},{\"@type\":\"BreadcrumbList\",\"@id\":\"https:\/\/www.tarinamestarit.fi\/index.php\/product\/wesslanderin-kartano\/#breadcrumb\",\"itemListElement\":[{\"@type\":\"ListItem\",\"position\":1,\"item\":{\"@type\":\"WebPage\",\"@id\":\"https:\/\/www.tarinamestarit.fi\/\",\"url\":\"https:\/\/www.tarinamestarit.fi\/\",\"name\":\"Home\"}},{\"@type\":\"ListItem\",\"position\":2,\"item\":{\"@type\":\"WebPage\",\"@id\":\"https:\/\/www.tarinamestarit.fi\/index.php\/kauppa\/\",\"url\":\"https:\/\/www.tarinamestarit.fi\/index.php\/kauppa\/\",\"name\":\"Kauppa\"}},{\"@type\":\"ListItem\",\"position\":3,\"item\":{\"@type\":\"WebPage\",\"@id\":\"https:\/\/www.tarinamestarit.fi\/index.php\/product\/wesslanderin-kartano\/\",\"url\":\"https:\/\/www.tarinamestarit.fi\/index.php\/product\/wesslanderin-kartano\/\",\"name\":\"Kuudennusmiehen kuolema &#8211; murhamysteeripeli\"}}]}]}<\/script>\n<!-- \/ Yoast SEO plugin. -->","_links":{"self":[{"href":"https:\/\/www.tarinamestarit.fi\/index.php\/wp-json\/wp\/v2\/product\/80"}],"collection":[{"href":"https:\/\/www.tarinamestarit.fi\/index.php\/wp-json\/wp\/v2\/product"}],"about":[{"href":"https:\/\/www.tarinamestarit.fi\/index.php\/wp-json\/wp\/v2\/types\/product"}],"replies":[{"embeddable":true,"href":"https:\/\/www.tarinamestarit.fi\/index.php\/wp-json\/wp\/v2\/comments?post=80"}],"wp:featuredmedia":[{"embeddable":true,"href":"https:\/\/www.tarinamestarit.fi\/index.php\/wp-json\/wp\/v2\/media\/249"}],"wp:attachment":[{"href":"https:\/\/www.tarinamestarit.fi\/index.php\/wp-json\/wp\/v2\/media?parent=80"}],"curies":[{"name":"wp","href":"https:\/\/api.w.org\/{rel}","templated":true}]}}