{"id":78,"date":"2021-02-24T19:03:38","date_gmt":"2021-02-24T19:03:38","guid":{"rendered":"http:\/\/www.tarinamestarit.fi\/?post_type=product&#038;p=78"},"modified":"2024-08-10T11:43:01","modified_gmt":"2024-08-10T11:43:01","slug":"murha-romantican-saarella-murhamysteeripeli","status":"publish","type":"product","link":"https:\/\/www.tarinamestarit.fi\/index.php\/product\/murha-romantican-saarella-murhamysteeripeli\/","title":{"rendered":"Murha Romantican saarella &#8211; murhamysteeripeli"},"content":{"rendered":"<h2>Murha Romantican saarella &#8211; murhamysteeripeli<\/h2>\n<h3>Romantica, Karibianmeri, nykyhetki<\/h3>\n<p>Kenen vastuulla on rouva van Aavfulin murha?<\/p>\n<p>Rouva Amelina van Aavful kutsuu sinut Karibialle juhlimaan kanssaan poikansa Armas van Aafvulin ja Teresa Nouwanin h\u00e4it\u00e4. H\u00e4\u00e4t pidet\u00e4\u00e4n Kokos Hotelissa Romantican saarella, jonne vastavihityt j\u00e4\u00e4v\u00e4t h\u00e4iden j\u00e4lkeen viett\u00e4m\u00e4\u00e4n kuherruskuukautta anopin valvovan silm\u00e4n alle. Kyseess\u00e4 on vuoden ylellisimm\u00e4t seurapiirih\u00e4\u00e4t, joihin on kutsuttu monia kuuluisuuksia ja merkkihenkil\u00f6it\u00e4.<\/p>\n<p>Heti saarelle saavuttua alkaa hurja takaa-ajojahti: morsian ja sulhanen yritt\u00e4v\u00e4t ehti\u00e4 alttarille ennen kuin anoppi ehtii est\u00e4\u00e4 h\u00e4\u00e4t, anoppi yritt\u00e4\u00e4 ehti\u00e4 tehd\u00e4 kaiken mahdollisen, ett\u00e4 h\u00e4\u00e4t eiv\u00e4t toteudu \u2013 tai jos toteutuvat, niin eiv\u00e4t ainakaan erityisen onnistuneesti. H\u00e4\u00e4suunnittelijaparka yritt\u00e4\u00e4 ehti\u00e4 j\u00e4rjest\u00e4\u00e4 vuoden kuumimmat seurapiirih\u00e4\u00e4t pikavauhtia keskell\u00e4 Karibianmerta ja hotellin henkil\u00f6kunta kirjaimellisesti sammuttaa tulipaloja. Jalawa-heimon j\u00e4senet yritt\u00e4v\u00e4t est\u00e4\u00e4 van Aavful-konsernia perustamasta nikkelikaivosta Romantican saarelle. Poliitikko yritt\u00e4\u00e4 ker\u00e4t\u00e4 juhlavieraiden \u00e4\u00e4ni\u00e4 samalla, kun seurapiiritoimittaja yritt\u00e4\u00e4 kirjoittaa vuoden parhaan paljastusjutun. Bestman taivuttelee sulhasta karkaamaan ennen h\u00e4it\u00e4 ja merirosvot pyrkiv\u00e4t l\u00f6yt\u00e4m\u00e4\u00e4n aarteita niin maalta kuin merelt\u00e4kin. Ent\u00e4 h\u00e4iss\u00e4 esiintyv\u00e4t hulatyt\u00f6t? Vaikuttavat aika vaarallisilta tyypeilt\u00e4&#8230;<\/p>\n<p>Keskell\u00e4 t\u00e4t\u00e4 todella monet yritt\u00e4v\u00e4t vuorotellen saada Amelina van Aavfulin hengilt\u00e4. Lopulta joku heist\u00e4 onnistuukin t\u00e4ytt\u00e4m\u00e4ll\u00e4 rouva van Aavfulin hotellihuoneen heliumilla ja lukitsemalla oven h\u00e4nen per\u00e4ss\u00e4\u00e4n. Vaan kuka? Ja miksi?<\/p>\n<p>Romantican saarelle sijoittuva murhamysteeripeli vie sinut h\u00e4ihin, joissa ei todella tule tyls\u00e4\u00e4!<\/p>\n<p>Peliin voi osallistua 9 &#8211; 20 pelaajaa. Pelin hinta on 40 euroa\/pelaaja. Pelin kesto on 4 &#8211; 5 tuntia, riippuen pelaajista itsest\u00e4\u00e4n.<\/p>\n<p>&nbsp;<\/p>\n<p>Anna sis\u00e4isen salapoliisisi n\u00e4ytt\u00e4\u00e4 kyntens\u00e4! Tarinamestarien peleiss\u00e4 ei ole n\u00e4yttelij\u00f6it\u00e4, joiden esityst\u00e4 katsellaan, vaan pelaajat esitt\u00e4v\u00e4t roolit itse.\u00a0 Murhamysteeripeli\u00e4 pelataan p\u00f6yd\u00e4n \u00e4\u00e4ress\u00e4 istuen. Jokainen on pukeutunut roolinsa mukaisesti ja lukee omat vuorosanansa pelivihkosta. Tarkoitus on selvitt\u00e4\u00e4, kuka p\u00f6yd\u00e4ss\u00e4 istujista on murhaaja &#8211; tai murhaajia voi olla useampiakin. Pelaaminen on tehty mahdollisimman helpoksi &#8211; mit\u00e4\u00e4n ei tarvitse keksi\u00e4 itse ja rooliinsa saa heitt\u00e4yty\u00e4 juuri niin paljon kuin haluaa.<\/p>\n<p><a href=\"https:\/\/www.tarinamestarit.fi\/index.php\/131-2\/\"><img loading=\"lazy\" class=\"alignnone size-medium wp-image-819\" src=\"https:\/\/www.tarinamestarit.fi\/wp-content\/uploads\/2021\/06\/Hyva-tietaa-linkki-300x109.jpg\" alt=\"\" width=\"300\" height=\"109\" srcset=\"https:\/\/www.tarinamestarit.fi\/wp-content\/uploads\/2021\/06\/Hyva-tietaa-linkki-300x109.jpg 300w, https:\/\/www.tarinamestarit.fi\/wp-content\/uploads\/2021\/06\/Hyva-tietaa-linkki.jpg 518w\" sizes=\"(max-width: 300px) 100vw, 300px\" \/><\/a><\/p>\n<p>Muista my\u00f6s tutustua muihin murhamysteeripeleihimme!<\/p>\n<p><a href=\"https:\/\/www.tarinamestarit.fi\/index.php\/product\/wesslanderin-kartano\/\">Kuudennusmiehen kuolema<\/a><\/p>\n<p><a href=\"https:\/\/www.tarinamestarit.fi\/index.php\/product\/murha-hiekkarannalla-murhamysteeripeli\/\">Murha hiekkarannalla<\/a><\/p>\n<p><a href=\"https:\/\/www.tarinamestarit.fi\/index.php\/product\/murha-hotelli-luxorissa-murhamysteeripeli\/\">Murha Hotelli Luxorissa<\/a><\/p>\n<p><a href=\"https:\/\/www.tarinamestarit.fi\/index.php\/product\/murha-kirkkaalla-ajatuksella-murhamysteeripeli\/\">Murha kirkkaalla ajatuksella<\/a><\/p>\n<p><a href=\"https:\/\/www.tarinamestarit.fi\/index.php\/product\/murha-romantican-saarella-murhamysteeripeli\/\">Murha Romantican saarella<\/a><\/p>\n<p><a href=\"https:\/\/www.tarinamestarit.fi\/index.php\/product\/murha-taikurin\/\">Murha taikurin kartanossa<\/a><\/p>\n<p>ja minimurhis pienemm\u00e4lle porukalle:<\/p>\n<p><a href=\"https:\/\/www.tarinamestarit.fi\/index.php\/product\/murha-merirosvolaivalla-minimurhis\/\">Murha merirosvolaivalla<\/a><\/p>\n","protected":false},"excerpt":{"rendered":"<p>Tervetuloa Karibialle Romantican saarelle juhlimaan vuoden h\u00e4mment\u00e4vimpi\u00e4 h\u00e4it\u00e4! Rouva Amelina van Aavful kutsuu sinut Kokos Hoteliin todistamaan, kun h\u00e4nen ainoa poikansa Armas solmii avioliiton sihteerins\u00e4, Teresa Nouwanin kanssa.<\/p>\n<p>Heti vieraiden saavuttua Romantican saarelle alkaa hurja ajojahti: Morsian ja sulhanen yritt\u00e4v\u00e4t ehti\u00e4 alttarille ennen kuin anoppi ehtii est\u00e4\u00e4 h\u00e4\u00e4t, anoppi taas yritt\u00e4\u00e4 ehti\u00e4 tehd\u00e4 kaiken mahdollisen, ett\u00e4 h\u00e4\u00e4t eiv\u00e4t toteudu. H\u00e4\u00e4suunnittelijaparka yritt\u00e4\u00e4 ehti\u00e4 j\u00e4rjest\u00e4\u00e4 vuoden kuumimmat seurapiirih\u00e4\u00e4t pikavauhtia keskell\u00e4 Karibianmerta ja hotellin henkil\u00f6kunta sammuttelee tulipaloja. Jalawa-heimon j\u00e4senet yritt\u00e4v\u00e4t est\u00e4\u00e4 van Aavful-konsernia perustamasta nikkelikaivosta Romantican saarelle. Poliitikko yritt\u00e4\u00e4 ker\u00e4t\u00e4 \u00e4\u00e4ni\u00e4 ja merirosvot ker\u00e4\u00e4v\u00e4t aivan kaikkea, mik\u00e4 kiilt\u00e4\u00e4. Ja h\u00e4iss\u00e4 esiintyv\u00e4t hulatyt\u00f6t&#8230; no, heist\u00e4 ei ikin\u00e4 tied\u00e4, mit\u00e4 he yritt\u00e4v\u00e4t, mutta vaikuttavat aika vaarallisilta tyypeilt\u00e4.<\/p>\n<p>Sitten Amelina van Aavful murhataan &#8211; vaan kuka on syyllinen?<\/p>\n","protected":false},"featured_media":748,"comment_status":"open","ping_status":"closed","template":"","meta":[],"yoast_head":"<!-- This site is optimized with the Yoast SEO plugin v15.8 - https:\/\/yoast.com\/wordpress\/plugins\/seo\/ -->\n<title>Murha Romantican saarella - murhamysteeripeli - Tarinamestarit<\/title>\n<meta name=\"description\" content=\"N\u00e4m\u00e4 h\u00e4\u00e4t ovat unohtumattomat. Kenen vastuulla on rouva van Aavfulin murha? Tule ottamaan asiasta selv\u00e4\u00e4 t\u00e4ss\u00e4 murhapeliss\u00e4.\" \/>\n<meta name=\"robots\" content=\"index, follow, max-snippet:-1, max-image-preview:large, max-video-preview:-1\" \/>\n<link rel=\"canonical\" href=\"https:\/\/www.tarinamestarit.fi\/index.php\/product\/murha-romantican-saarella-murhamysteeripeli\/\" \/>\n<meta property=\"og:locale\" content=\"fi_FI\" \/>\n<meta property=\"og:type\" content=\"article\" \/>\n<meta property=\"og:title\" content=\"Murha Romantican saarella - murhamysteeripeli - Tarinamestarit\" \/>\n<meta property=\"og:description\" content=\"N\u00e4m\u00e4 h\u00e4\u00e4t ovat unohtumattomat. Kenen vastuulla on rouva van Aavfulin murha? Tule ottamaan asiasta selv\u00e4\u00e4 t\u00e4ss\u00e4 murhapeliss\u00e4.\" \/>\n<meta property=\"og:url\" content=\"https:\/\/www.tarinamestarit.fi\/index.php\/product\/murha-romantican-saarella-murhamysteeripeli\/\" \/>\n<meta property=\"og:site_name\" content=\"Tarinamestarit\" \/>\n<meta property=\"article:modified_time\" content=\"2024-08-10T11:43:01+00:00\" \/>\n<meta property=\"og:image\" content=\"https:\/\/www.tarinamestarit.fi\/wp-content\/uploads\/2021\/02\/8.4.2017.33-scaled-e1625641287274.jpg\" \/>\n\t<meta property=\"og:image:width\" content=\"1600\" \/>\n\t<meta property=\"og:image:height\" content=\"1200\" \/>\n<meta name=\"twitter:card\" content=\"summary_large_image\" \/>\n<meta name=\"twitter:label1\" content=\"Est. reading time\">\n\t<meta name=\"twitter:data1\" content=\"2 minuuttia\">\n<script type=\"application\/ld+json\" class=\"yoast-schema-graph\">{\"@context\":\"https:\/\/schema.org\",\"@graph\":[{\"@type\":\"WebSite\",\"@id\":\"https:\/\/www.tarinamestarit.fi\/#website\",\"url\":\"https:\/\/www.tarinamestarit.fi\/\",\"name\":\"Tarinamestarit\",\"description\":\"verkkokauppa\",\"potentialAction\":[{\"@type\":\"SearchAction\",\"target\":\"https:\/\/www.tarinamestarit.fi\/?s={search_term_string}\",\"query-input\":\"required name=search_term_string\"}],\"inLanguage\":\"fi\"},{\"@type\":\"ImageObject\",\"@id\":\"https:\/\/www.tarinamestarit.fi\/index.php\/product\/murha-romantican-saarella-murhamysteeripeli\/#primaryimage\",\"inLanguage\":\"fi\",\"url\":\"https:\/\/www.tarinamestarit.fi\/wp-content\/uploads\/2021\/02\/8.4.2017.33-scaled-e1625641287274.jpg\",\"width\":1600,\"height\":1200},{\"@type\":\"WebPage\",\"@id\":\"https:\/\/www.tarinamestarit.fi\/index.php\/product\/murha-romantican-saarella-murhamysteeripeli\/#webpage\",\"url\":\"https:\/\/www.tarinamestarit.fi\/index.php\/product\/murha-romantican-saarella-murhamysteeripeli\/\",\"name\":\"Murha Romantican saarella - murhamysteeripeli - Tarinamestarit\",\"isPartOf\":{\"@id\":\"https:\/\/www.tarinamestarit.fi\/#website\"},\"primaryImageOfPage\":{\"@id\":\"https:\/\/www.tarinamestarit.fi\/index.php\/product\/murha-romantican-saarella-murhamysteeripeli\/#primaryimage\"},\"datePublished\":\"2021-02-24T19:03:38+00:00\",\"dateModified\":\"2024-08-10T11:43:01+00:00\",\"description\":\"N\\u00e4m\\u00e4 h\\u00e4\\u00e4t ovat unohtumattomat. Kenen vastuulla on rouva van Aavfulin murha? Tule ottamaan asiasta selv\\u00e4\\u00e4 t\\u00e4ss\\u00e4 murhapeliss\\u00e4.\",\"breadcrumb\":{\"@id\":\"https:\/\/www.tarinamestarit.fi\/index.php\/product\/murha-romantican-saarella-murhamysteeripeli\/#breadcrumb\"},\"inLanguage\":\"fi\",\"potentialAction\":[{\"@type\":\"ReadAction\",\"target\":[\"https:\/\/www.tarinamestarit.fi\/index.php\/product\/murha-romantican-saarella-murhamysteeripeli\/\"]}]},{\"@type\":\"BreadcrumbList\",\"@id\":\"https:\/\/www.tarinamestarit.fi\/index.php\/product\/murha-romantican-saarella-murhamysteeripeli\/#breadcrumb\",\"itemListElement\":[{\"@type\":\"ListItem\",\"position\":1,\"item\":{\"@type\":\"WebPage\",\"@id\":\"https:\/\/www.tarinamestarit.fi\/\",\"url\":\"https:\/\/www.tarinamestarit.fi\/\",\"name\":\"Home\"}},{\"@type\":\"ListItem\",\"position\":2,\"item\":{\"@type\":\"WebPage\",\"@id\":\"https:\/\/www.tarinamestarit.fi\/index.php\/kauppa\/\",\"url\":\"https:\/\/www.tarinamestarit.fi\/index.php\/kauppa\/\",\"name\":\"Kauppa\"}},{\"@type\":\"ListItem\",\"position\":3,\"item\":{\"@type\":\"WebPage\",\"@id\":\"https:\/\/www.tarinamestarit.fi\/index.php\/product\/murha-romantican-saarella-murhamysteeripeli\/\",\"url\":\"https:\/\/www.tarinamestarit.fi\/index.php\/product\/murha-romantican-saarella-murhamysteeripeli\/\",\"name\":\"Murha Romantican saarella &#8211; murhamysteeripeli\"}}]}]}<\/script>\n<!-- \/ Yoast SEO plugin. -->","_links":{"self":[{"href":"https:\/\/www.tarinamestarit.fi\/index.php\/wp-json\/wp\/v2\/product\/78"}],"collection":[{"href":"https:\/\/www.tarinamestarit.fi\/index.php\/wp-json\/wp\/v2\/product"}],"about":[{"href":"https:\/\/www.tarinamestarit.fi\/index.php\/wp-json\/wp\/v2\/types\/product"}],"replies":[{"embeddable":true,"href":"https:\/\/www.tarinamestarit.fi\/index.php\/wp-json\/wp\/v2\/comments?post=78"}],"wp:featuredmedia":[{"embeddable":true,"href":"https:\/\/www.tarinamestarit.fi\/index.php\/wp-json\/wp\/v2\/media\/748"}],"wp:attachment":[{"href":"https:\/\/www.tarinamestarit.fi\/index.php\/wp-json\/wp\/v2\/media?parent=78"}],"curies":[{"name":"wp","href":"https:\/\/api.w.org\/{rel}","templated":true}]}}