{"id":842,"date":"2021-07-07T08:25:18","date_gmt":"2021-07-07T08:25:18","guid":{"rendered":"https:\/\/www.tarinamestarit.fi\/?page_id=842"},"modified":"2021-07-07T10:58:19","modified_gmt":"2021-07-07T10:58:19","slug":"usein-kysyttya","status":"publish","type":"page","link":"https:\/\/www.tarinamestarit.fi\/index.php\/usein-kysyttya\/","title":{"rendered":"Usein kysytty\u00e4"},"content":{"rendered":"\n<h2>Usein kysytty\u00e4<\/h2>\n\n\n\n<p><\/p>\n\n\n\n<p>Miten huomioitte koronan?<\/p>\n\n\n\n<p>Tarjoamme korona-aikaan vain sellaisia pelej\u00e4, joissa voi noudattaa suosituksia ja rajoituksia, eli minimurhiksia ja arvoitushuonepelej\u00e4. Kaikkein helpommin rajoituksia voi noudattaa arvoitushuonepeleiss\u00e4. Arvoitushuonepeleiss\u00e4 pelinvet\u00e4j\u00e4 on paikalla vain pelin alussa: sen j\u00e4lkeen voitte pelata ihan vain omalla porukalla. Tulemme paikalle maskin ja k\u00e4sidesin kanssa ja toivomme molempien k\u00e4ytt\u00f6\u00e4 my\u00f6s asiakkailtamme. Desinfioimme my\u00f6s pelimateriaaleja pelien v\u00e4lill\u00e4. Jos koronatilanne on helpompi, tarjoamme my\u00f6s murhamysteeripelej\u00e4, mutta noudatamme maskisuosituksia ja pyrimme pit\u00e4m\u00e4\u00e4n turvav\u00e4lit.<\/p>\n\n\n\n<p><\/p>\n\n\n\n<p>Miksi peli maksetaan ennen- eik\u00e4 j\u00e4lkeenp\u00e4in?<\/p>\n\n\n\n<p>Meid\u00e4n toimintamme rinnastuu teatteriin: liput ostetaan etuk\u00e4teen eik\u00e4 j\u00e4lkik\u00e4teen. <\/p>\n\n\n\n<p><\/p>\n\n\n\n<p>Onko teill\u00e4 ik\u00e4rajoja?<\/p>\n\n\n\n<p>On. Murhamysteeripeleihin suosittelemme 18 vuoden ik\u00e4\u00e4. Jos peliin on tulossa t\u00e4t\u00e4 nuorempia pelaajia, kannattaa peli\u00e4 tilatessa keskustella Tarinamestarien kanssa, niin nuoremmalle pelaajalle voidaan antaa &#8221;turvallinen&#8221; rooli, johon ei sis\u00e4lly esimerkiksi seksuaalisia viittauksia pelaajien kesken.<\/p>\n\n\n\n<p>Arvoitushuonepeleihin voivat osallistua nuoremmatkin aikuisen kanssa: yl\u00e4kouluik\u00e4inen (13 vuotta) pysyy arvoitushuoneissa yleens\u00e4 jo hyvin peliss\u00e4 mukana.<\/p>\n\n\n\n<p><\/p>\n\n\n\n<p>Miksi j\u00e4rjest\u00e4tte pelej\u00e4 vain julkisissa tiloissa?<\/p>\n\n\n\n<p>Koemme helpoimmaksi tavaksi toimia puolueettomalla maaper\u00e4ll\u00e4. Lis\u00e4ksi meill\u00e4 on yhteisty\u00f6sopimuksia paikallisten toimijoiden kanssa, joten voimme tarjota asiakkaillemme tiettyj\u00e4 etuja yhdess\u00e4 yhteisty\u00f6kumppaniemme kanssa.<\/p>\n\n\n\n<p><\/p>\n\n\n\n<p>Mit\u00e4 jos peli pit\u00e4\u00e4 siirt\u00e4\u00e4 tai perua? Ent\u00e4 jos pelaajien m\u00e4\u00e4r\u00e4\u00e4n tulee muutoksia?<\/p>\n\n\n\n<p>Siirt\u00e4minen on ilmaista, peruminen ei ole. Katso tarkemmat s\u00e4\u00e4nn\u00f6t perumiseen ja pelaajien m\u00e4\u00e4r\u00e4n muutokseen kohdasta &#8221;tilaajalle&#8221;. Valikosta voit valita oikean pelityypin.<\/p>\n\n\n\n<p><\/p>\n\n\n\n<p>Voiko teilt\u00e4 tilata pitopalvelua, siivousta tai ovien lukitsemista illalla?<\/p>\n\n\n\n<p>Ei voi. Me tuomme pelin mukanamme, ohjaamme pelin ja siivoamme omat j\u00e4lkemme pelin j\u00e4lkeen, mutta ruuan hankkiminen, loppusiivous ja ovien lukitseminen illan p\u00e4\u00e4tteeksi kuuluvat pelin tilaajalle.<\/p>\n\n\n\n<p><\/p>\n\n\n\n<p>Pelienne hintataso on aika alhainen, kun niit\u00e4 vertaa muiden toimijoiden hintatasoihin. Miksi?<\/p>\n\n\n\n<p>Ker\u00e4\u00e4mme peleist\u00e4 p\u00e4\u00e4symaksut, koska rahoitamme sill\u00e4 tavalla toimintaamme. Olemme kuitenkin voittoa tavoittelematon yhdistys ja se n\u00e4kyy pelien huokeissa hinnoissa.<\/p>\n\n\n\n<p><\/p>\n\n\n\n<p>Arvoitushuonepelit<\/p>\n\n\n\n<ol><li>Kuinka paljon arvoitushuonepeli muistuttaa pakohuonepeli\u00e4?<\/li><\/ol>\n\n\n\n<p>Todella paljon. Arvoitushuonepeliss\u00e4 ratkaistaan teht\u00e4vi\u00e4 ja selvitet\u00e4\u00e4n koodeja, joskus jopa avataan lukkoja, ihan kuten pakohuonepeliss\u00e4kin. Erojakin on: Arvoitushuone voidaan koota melkein mihin tilaan vain. Pelin kesto on yleens\u00e4 2 &#8211; 2,5 tuntia ja tarkoitus on, ett\u00e4 jokainen saa tilaisuuden yritt\u00e4\u00e4 pelata pelin loppuun asti. Peliin ei liity uhkia: mit\u00e4\u00e4n pahaa ei tapahdu, vaikka arvoitus ei ratkeaisikaan tunnissa tai kahdessa. Arvoitushuoneessa tarkoitus ei ole paeta mist\u00e4\u00e4n, vaan viihty\u00e4 juuri siin\u00e4, miss\u00e4 on. Kaikkein t\u00e4rkeint\u00e4 on l\u00f6yt\u00e4\u00e4 ratkaisu annettuun arvoitukseen. <\/p>\n\n\n\n<p><\/p>\n\n\n\n<p>2. Miten t\u00e4m\u00e4n pelin tilaaminen toimii?<\/p>\n\n\n\n<p>Tilaa peli t\u00e4\u00e4lt\u00e4 verkkokaupasta. Sen j\u00e4lkeen me soitamme sinulle, sovimme ajan, paikan ja pelaajien m\u00e4\u00e4r\u00e4n ja muut k\u00e4yt\u00e4nn\u00f6n j\u00e4rjestelyt. L\u00e4het\u00e4mme sinulle kutsut, jotka voit jakaa s\u00e4hk\u00f6isesti muille pelaajille. Lis\u00e4ksi l\u00e4het\u00e4mme laskun, joka pit\u00e4\u00e4 maksaa hyviss\u00e4 ajoin ennen peli\u00e4 &#8211; se toimii p\u00e4\u00e4symaksuna peliin. Pelip\u00e4iv\u00e4n\u00e4 rakennamme pelin yhdess\u00e4 sovittuun julkiseen tilaan. Autamme teid\u00e4t pelin alkuun ja pelin j\u00e4lkeen tulemme siivoamaan pelin pois.<\/p>\n\n\n\n<p><\/p>\n\n\n\n<p>3. Miten p\u00e4\u00e4semme pelin alkuun?<\/p>\n\n\n\n<p>Pelinvet\u00e4j\u00e4 on aina paikalla aloittamassa pelin. H\u00e4n kertoo, mit\u00e4 tehd\u00e4\u00e4n ja huolehtii, ett\u00e4 p\u00e4\u00e4sette hyv\u00e4\u00e4n alkuun peliss\u00e4.<\/p>\n\n\n\n<p><\/p>\n\n\n\n<p>4. Onko pelinvet\u00e4j\u00e4 paikalla koko pelin ajan?<\/p>\n\n\n\n<p>Ei ole. Varsinkin korona-aikaan vet\u00e4j\u00e4 tulee paikalle maskin kanssa, auttaa teid\u00e4t pelin alkuun ja l\u00e4htee. Saatte pelata ihan omalla porukalla.  <\/p>\n\n\n\n<p><\/p>\n\n\n\n<p>5. Haluan tilata arvoitushuonepelin osaksi kokousp\u00e4iv\u00e4\u00e4. Kauanko arvoitushuoneen rakentamiseen tai purkamiseen menee?<\/p>\n\n\n\n<p>Kokoamiseen menee noin 30 &#8211; 40 minuuttia, riippuen t\u00e4ysin pelist\u00e4, jonka olette tilanneet. Osaan peleist\u00e4 kuuluu enemm\u00e4n lavasteita kuin toisiin. Purkamiseen menee noin 25 minuuttia. Voitte pit\u00e4\u00e4 kokouksen j\u00e4lkeen vaikkapa jaloittelu- tai kahvitauon, niin kokoamme pelin sill\u00e4 aikaa, kun olette tauolla. <\/p>\n\n\n\n<p><\/p>\n\n\n\n<p>6. Milloin puratte pelin?<\/p>\n\n\n\n<p>Mielell\u00e4\u00e4n heti pelin j\u00e4lkeen, niin p\u00e4\u00e4sette jatkamaan omaa tilaisuuttanne vapaasti ilman, ett\u00e4 pelin lavasteet ovat tiell\u00e4.<\/p>\n\n\n\n<p><\/p>\n\n\n\n<p>7. Puuttuuko teilt\u00e4 usein esineit\u00e4?<\/p>\n\n\n\n<p>Ei. Meill\u00e4 on tarkat listat, joiden mukaan puramme ja pakkaamme tavarat. Huomaamme heti, jos jotain puuttuu. Jokaisella esineell\u00e4 on peliss\u00e4 oma tarkoituksensa, joten pyrimme olemaan tarkkoja.<\/p>\n\n\n\n<p><\/p>\n\n\n\n<p>8. Puhdistatteko pelimateriaaleja pelien v\u00e4lill\u00e4?<\/p>\n\n\n\n<p>Kyll\u00e4. Desinfioimme kaikki materiaalit, jotka kest\u00e4v\u00e4t puhdistuksen. <\/p>\n\n\n\n<p><\/p>\n\n\n\n<p>Murhamysteeripelit ja minimurhikset<\/p>\n\n\n\n<ol><li>Onko t\u00e4m\u00e4 sellainen peli, joissa katsotaan n\u00e4yttelij\u00f6iden esiintymist\u00e4?<\/li><\/ol>\n\n\n\n<p>Ei ole. Meill\u00e4 koko jutun jujuna on se, ett\u00e4 pelaajat esitt\u00e4v\u00e4t pelin itse. Kaikki ovat ep\u00e4iltyj\u00e4: kaikilla on ollut syy murhata, vaan ehk\u00e4p\u00e4 ihan kaikilla ei ollut tilaisuutta tai asetta. Pelaajat istuvat p\u00f6yd\u00e4n ymp\u00e4rill\u00e4, lukevat vuorosanoja pelivihkostaan ja yritt\u00e4v\u00e4t saada selville, kuka heist\u00e4 on murhaaja&#8230; ja tietysti joku tai jotkut pelaajista ovat murhaajia ja pyrkiv\u00e4t parhaansa mukaan v\u00e4lttelem\u00e4\u00e4n ep\u00e4ilyj\u00e4. Pelinvet\u00e4j\u00e4t auttavat ja ohjaavat taustalla, mutta heill\u00e4 on yleens\u00e4 tarjoilijan tai hovimestarin rooli (ja raudanluja alibi murhan ajalle, joten he eiv\u00e4t kuulu ep\u00e4ilyjen kaartiin) <\/p>\n\n\n\n<p>2. Miten t\u00e4m\u00e4n pelin tilaaminen toimii? <\/p>\n\n\n\n<p> Tilaa peli t\u00e4\u00e4lt\u00e4 verkkokaupasta. Sen j\u00e4lkeen me soitamme sinulle, sovimme ajasta ja paikasta ja pelaajien m\u00e4\u00e4r\u00e4st\u00e4. T\u00e4m\u00e4n j\u00e4lkeen l\u00e4het\u00e4mme sinulle kutsut ja pukeutumisohjeet jaettaviksi muille pelaajille sek\u00e4 laskun, joka tulee maksaa hyviss\u00e4 ajoin ennen pelip\u00e4iv\u00e4\u00e4, sill\u00e4 se toimii p\u00e4\u00e4symaksuna peliin. Pelip\u00e4iv\u00e4n\u00e4 tulemme juhlatilaan noin 3-4 tuntia ennen peli\u00e4 ja koristelemme pelipaikan. Sen j\u00e4lkeen pelinvet\u00e4j\u00e4mme ottavat ohjat k\u00e4siins\u00e4 ja ohjaavat pelin alusta loppuun. Peli\u00e4 pelataan kierroksittain pelivihkosta: jokaisella on vuorosanoja luettavana ja murha selvitett\u00e4v\u00e4n\u00e4&#8230; Useimmiten pelin aikana sy\u00f6d\u00e4\u00e4n alkuruoka, p\u00e4\u00e4ruoka ja j\u00e4lkiruoka, jolloin peli rytmittyy n\u00e4iden kolmen aterian v\u00e4liin. Aterioita voi my\u00f6s olla esimerkiksi vain kaksi: peli toimii silti hyvin. Minimurhiksiin ei tarvitse liitt\u00e4\u00e4 ruokailua lainkaan, koska peli on lyhyt. Pelin j\u00e4lkeen siivoamme omat pelitarvikkeemme pois: tilan muu siivous kuuluu sinulle. <\/p>\n\n\n\n<p>3. J\u00e4rjest\u00e4n juhlat ja t\u00e4m\u00e4 peli on osa juhlia. Miten t\u00e4m\u00e4 tehd\u00e4\u00e4n? Tai voiko peliin liitt\u00e4\u00e4 omia sis\u00e4piirin vitsej\u00e4?<\/p>\n\n\n\n<p>Kerro meille toiveistasi juhlap\u00e4iv\u00e4\u00e4n liittyen. Me teemme sen j\u00e4lkeen ehdotuksen, mill\u00e4 tavoin peli ja muu juhla nivotaan yhteen mahdollisimman saumattomasti. Voit kertoa my\u00f6s muista toiveistasi: peliin voi liitt\u00e4\u00e4 monenlaista, kunhan k\u00e4sikirjoittajille annetaan riitt\u00e4v\u00e4sti aikaa tehd\u00e4 muutoksia k\u00e4sikirjoitukseen.<\/p>\n\n\n\n<p>4. Mit\u00e4 jos lukee hitaasti tai lukeminen on vaikeaa? Kuinka sujuvasti t\u00e4ytyy osata lukea \u00e4\u00e4neen?<\/p>\n\n\n\n<p>Jokainen lukee vuorosanansa ihan ikiomalla tavallaan ja lukemiseen aikaa saa k\u00e4ytt\u00e4\u00e4 sen verran kuin haluaa ja tarvitsee. P\u00e4\u00e4asia on, ett\u00e4 tieto v\u00e4littyy pelaajalta toiselle vuorosanojen kautta. \u00c4\u00e4neen lukemista ei tarvitse j\u00e4nnitt\u00e4\u00e4 &#8211; sen saa kukin tehd\u00e4 aivan omalla tavallaan ja kaikki tavat ovat yht\u00e4 hyvi\u00e4. <\/p>\n\n\n\n<p>Pelivihkon voi tilata my\u00f6s suurennettuna, kunhan asiasta mainitsee peli\u00e4 tilatessaan. Jos joku pelaajista ei pysty lukemaan mutta haluaa kuitenkin osallistua, niin voi sopia vaikka, ett\u00e4 vieruskaveri lukee h\u00e4nen vuorosansna. <\/p>\n\n\n\n<p>5. Mit\u00e4 tarkoittaa, ett\u00e4 peliin ei saa tulla p\u00e4ihtyneen\u00e4? <\/p>\n\n\n\n<p>Murhamysteeripeliin osallistuminen vaatii keskittymist\u00e4. Jotta peli onnistuu, jokaisen pelaajan pit\u00e4\u00e4 pysty\u00e4 seuraamaan peli\u00e4, lukemaan vuorosanansa \u00e4\u00e4neen ja tekem\u00e4\u00e4n yhteisty\u00f6t\u00e4 muiden pelaajien kanssa. T\u00e4m\u00e4 ei onnistu p\u00e4ihtyneen\u00e4. Jokaisella peliin osallistujalla on my\u00f6s oikeus nauttia j\u00e4nnitt\u00e4v\u00e4st\u00e4 murhamysteerist\u00e4 ja yhteisest\u00e4 illasta rauhassa. T\u00e4rkeint\u00e4 on tulla pelipaikalle selvin p\u00e4in: pelin aikana juhlan j\u00e4rjest\u00e4j\u00e4\/tilaaja voi kyll\u00e4 tarjoilla alkoholipitoisia juomia mielens\u00e4 mukaan ruokajuomina. Tarinamestarit ry:ll\u00e4 on oikeus poistaa pelitilasta pelaaja, joka h\u00e4iritsee muiden peli\u00e4. Tarinamestarit ry ei t\u00e4ll\u00f6in palauta osallistumismaksua ja veloittaa 50 euroa korvaukseksi siit\u00e4, ett\u00e4 toinen pelinvet\u00e4jist\u00e4 siirtyy pelip\u00f6yt\u00e4\u00e4n p\u00e4ihtyneen pelaajan tilalle.  <\/p>\n","protected":false},"excerpt":{"rendered":"<p>Usein kysytty\u00e4 Miten huomioitte koronan? Tarjoamme korona-aikaan vain sellaisia pelej\u00e4, joissa voi noudattaa suosituksia ja rajoituksia, eli minimurhiksia ja arvoitushuonepelej\u00e4. Kaikkein helpommin rajoituksia voi noudattaa arvoitushuonepeleiss\u00e4. Arvoitushuonepeleiss\u00e4 pelinvet\u00e4j\u00e4 on paikalla vain pelin alussa: sen j\u00e4lkeen voitte pelata ihan vain omalla porukalla. Tulemme paikalle maskin ja k\u00e4sidesin kanssa ja toivomme molempien k\u00e4ytt\u00f6\u00e4 my\u00f6s asiakkailtamme. Desinfioimme my\u00f6s [&hellip;]<\/p>\n","protected":false},"author":3,"featured_media":0,"parent":0,"menu_order":0,"comment_status":"closed","ping_status":"closed","template":"","meta":[],"yoast_head":"<!-- This site is optimized with the Yoast SEO plugin v15.8 - https:\/\/yoast.com\/wordpress\/plugins\/seo\/ -->\n<title>Usein kysytty\u00e4 - Tarinamestarit<\/title>\n<meta name=\"robots\" content=\"index, follow, max-snippet:-1, max-image-preview:large, max-video-preview:-1\" \/>\n<link rel=\"canonical\" href=\"https:\/\/www.tarinamestarit.fi\/index.php\/usein-kysyttya\/\" \/>\n<meta property=\"og:locale\" content=\"fi_FI\" \/>\n<meta property=\"og:type\" content=\"article\" \/>\n<meta property=\"og:title\" content=\"Usein kysytty\u00e4 - Tarinamestarit\" \/>\n<meta property=\"og:description\" content=\"Usein kysytty\u00e4 Miten huomioitte koronan? Tarjoamme korona-aikaan vain sellaisia pelej\u00e4, joissa voi noudattaa suosituksia ja rajoituksia, eli minimurhiksia ja arvoitushuonepelej\u00e4. Kaikkein helpommin rajoituksia voi noudattaa arvoitushuonepeleiss\u00e4. Arvoitushuonepeleiss\u00e4 pelinvet\u00e4j\u00e4 on paikalla vain pelin alussa: sen j\u00e4lkeen voitte pelata ihan vain omalla porukalla. Tulemme paikalle maskin ja k\u00e4sidesin kanssa ja toivomme molempien k\u00e4ytt\u00f6\u00e4 my\u00f6s asiakkailtamme. Desinfioimme my\u00f6s [&hellip;]\" \/>\n<meta property=\"og:url\" content=\"https:\/\/www.tarinamestarit.fi\/index.php\/usein-kysyttya\/\" \/>\n<meta property=\"og:site_name\" content=\"Tarinamestarit\" \/>\n<meta property=\"article:modified_time\" content=\"2021-07-07T10:58:19+00:00\" \/>\n<meta name=\"twitter:card\" content=\"summary_large_image\" \/>\n<meta name=\"twitter:label1\" content=\"Est. reading time\">\n\t<meta name=\"twitter:data1\" content=\"5 minuuttia\">\n<script type=\"application\/ld+json\" class=\"yoast-schema-graph\">{\"@context\":\"https:\/\/schema.org\",\"@graph\":[{\"@type\":\"WebSite\",\"@id\":\"https:\/\/www.tarinamestarit.fi\/#website\",\"url\":\"https:\/\/www.tarinamestarit.fi\/\",\"name\":\"Tarinamestarit\",\"description\":\"verkkokauppa\",\"potentialAction\":[{\"@type\":\"SearchAction\",\"target\":\"https:\/\/www.tarinamestarit.fi\/?s={search_term_string}\",\"query-input\":\"required name=search_term_string\"}],\"inLanguage\":\"fi\"},{\"@type\":\"WebPage\",\"@id\":\"https:\/\/www.tarinamestarit.fi\/index.php\/usein-kysyttya\/#webpage\",\"url\":\"https:\/\/www.tarinamestarit.fi\/index.php\/usein-kysyttya\/\",\"name\":\"Usein kysytty\\u00e4 - Tarinamestarit\",\"isPartOf\":{\"@id\":\"https:\/\/www.tarinamestarit.fi\/#website\"},\"datePublished\":\"2021-07-07T08:25:18+00:00\",\"dateModified\":\"2021-07-07T10:58:19+00:00\",\"breadcrumb\":{\"@id\":\"https:\/\/www.tarinamestarit.fi\/index.php\/usein-kysyttya\/#breadcrumb\"},\"inLanguage\":\"fi\",\"potentialAction\":[{\"@type\":\"ReadAction\",\"target\":[\"https:\/\/www.tarinamestarit.fi\/index.php\/usein-kysyttya\/\"]}]},{\"@type\":\"BreadcrumbList\",\"@id\":\"https:\/\/www.tarinamestarit.fi\/index.php\/usein-kysyttya\/#breadcrumb\",\"itemListElement\":[{\"@type\":\"ListItem\",\"position\":1,\"item\":{\"@type\":\"WebPage\",\"@id\":\"https:\/\/www.tarinamestarit.fi\/\",\"url\":\"https:\/\/www.tarinamestarit.fi\/\",\"name\":\"Home\"}},{\"@type\":\"ListItem\",\"position\":2,\"item\":{\"@type\":\"WebPage\",\"@id\":\"https:\/\/www.tarinamestarit.fi\/index.php\/usein-kysyttya\/\",\"url\":\"https:\/\/www.tarinamestarit.fi\/index.php\/usein-kysyttya\/\",\"name\":\"Usein kysytty\\u00e4\"}}]}]}<\/script>\n<!-- \/ Yoast SEO plugin. -->","_links":{"self":[{"href":"https:\/\/www.tarinamestarit.fi\/index.php\/wp-json\/wp\/v2\/pages\/842"}],"collection":[{"href":"https:\/\/www.tarinamestarit.fi\/index.php\/wp-json\/wp\/v2\/pages"}],"about":[{"href":"https:\/\/www.tarinamestarit.fi\/index.php\/wp-json\/wp\/v2\/types\/page"}],"author":[{"embeddable":true,"href":"https:\/\/www.tarinamestarit.fi\/index.php\/wp-json\/wp\/v2\/users\/3"}],"replies":[{"embeddable":true,"href":"https:\/\/www.tarinamestarit.fi\/index.php\/wp-json\/wp\/v2\/comments?post=842"}],"version-history":[{"count":14,"href":"https:\/\/www.tarinamestarit.fi\/index.php\/wp-json\/wp\/v2\/pages\/842\/revisions"}],"predecessor-version":[{"id":868,"href":"https:\/\/www.tarinamestarit.fi\/index.php\/wp-json\/wp\/v2\/pages\/842\/revisions\/868"}],"wp:attachment":[{"href":"https:\/\/www.tarinamestarit.fi\/index.php\/wp-json\/wp\/v2\/media?parent=842"}],"curies":[{"name":"wp","href":"https:\/\/api.w.org\/{rel}","templated":true}]}}