{"id":139,"date":"2021-03-04T19:27:04","date_gmt":"2021-03-04T19:27:04","guid":{"rendered":"http:\/\/www.tarinamestarit.fi\/?page_id=139"},"modified":"2021-07-08T07:00:14","modified_gmt":"2021-07-08T07:00:14","slug":"tarinalliset-toimintapelit","status":"publish","type":"page","link":"https:\/\/www.tarinamestarit.fi\/index.php\/tarinalliset-toimintapelit\/","title":{"rendered":"Tarinalliset toimintapelit"},"content":{"rendered":"\n<h2><strong>Tarinalliset toimintapelit<\/strong><\/h2>\n\n\n\n<figure class=\"wp-block-image size-large is-resized\"><img loading=\"lazy\" src=\"https:\/\/www.tarinamestarit.fi\/wp-content\/uploads\/2021\/07\/Tarinalliset-toimintapelit2.jpg\" alt=\"\" class=\"wp-image-763\" width=\"675\" height=\"273\" srcset=\"https:\/\/www.tarinamestarit.fi\/wp-content\/uploads\/2021\/07\/Tarinalliset-toimintapelit2.jpg 946w, https:\/\/www.tarinamestarit.fi\/wp-content\/uploads\/2021\/07\/Tarinalliset-toimintapelit2-300x122.jpg 300w, https:\/\/www.tarinamestarit.fi\/wp-content\/uploads\/2021\/07\/Tarinalliset-toimintapelit2-768x312.jpg 768w, https:\/\/www.tarinamestarit.fi\/wp-content\/uploads\/2021\/07\/Tarinalliset-toimintapelit2-555x225.jpg 555w\" sizes=\"(max-width: 675px) 100vw, 675px\" \/><\/figure>\n\n\n\n<p><\/p>\n\n\n\n<h4>Tarjolla olevat pelit:<\/h4>\n\n\n\n<ul><li><strong><a href=\"https:\/\/www.tarinamestarit.fi\/index.php\/product\/roistojen-residenssi\/\">Roistojen residenssi <\/a><\/strong>(tulossa syksyll\u00e4 2021)<\/li><\/ul>\n\n\n\n<p>Kaikissa Tarinamestareiden toimintapeleiss\u00e4 l\u00e4hdet\u00e4\u00e4n joukkueittain etsim\u00e4\u00e4n aarretta, selvitt\u00e4m\u00e4\u00e4n arvoitusta tai voittamaan haasteita, v\u00e4h\u00e4n pelist\u00e4 riippuen. Luvassa on hauskoja ja haastavia teht\u00e4vi\u00e4, kimurantteja koodeja selvitett\u00e4v\u00e4ksi ja kilpailua aikaa vastaan.<\/p>\n\n\n\n<p>Osa toimintapeleist\u00e4mme on roolipelej\u00e4, jolloin pelaajalla on rooli, jota esitt\u00e4\u00e4 pelaamisen aikana. Osaan peleist\u00e4 taas jokainen tulee omana itsen\u00e4\u00e4n eik\u00e4 sen kummempia rooleja ole. <\/p>\n\n\n\n<p>Roolilliset toimintapelit: <a href=\"https:\/\/www.tarinamestarit.fi\/index.php\/product\/roistojen-residenssi\/\">Roistojen residenss<\/a>i<\/p>\n\n\n\n<p>Roolit yleens\u00e4 jaetaan ennen kutsujen antamista. Kutsujen mukana tulevat pukeutumisohjeet ja usein my\u00f6s hieman tietoa roolista ja sen esitt\u00e4misest\u00e4. Pelit on suunniteltu mahdollisimman helpoiksi osallistujille: rooliin voi heitt\u00e4yty\u00e4 juuri niin isolla m\u00e4\u00e4r\u00e4ll\u00e4 energiaa kuin itse haluaa.<\/p>\n\n\n\n<p>Pelin kesto: 2 tuntia v\u00e4hint\u00e4\u00e4n, mutta pitempikin peli onnistuu: montako tuntia haluatte seikkailla? V\u00e4lill\u00e4 voi vaikka ruokaillakin, jos haluaa. <\/p>\n\n\n\n<p>Pelaajam\u00e4\u00e4r\u00e4: 10\u201325<\/p>\n\n\n\n<p>Kutsut tulevat s\u00e4hk\u00f6isesti. Tarinamestarit l\u00e4hett\u00e4v\u00e4t kutsun toimintapeliin s\u00e4hk\u00f6isess\u00e4 muodossa tilaajalle, joka puolestaan l\u00e4hett\u00e4\u00e4 ne eteenp\u00e4in kaikille kutsutuille.<\/p>\n\n\n\n<p>Pelin kesto: 2 tuntia v\u00e4hint\u00e4\u00e4n, mutta pitempikin peli onnistuu: montako tuntia haluatte seikkailla? V\u00e4lill\u00e4 voi vaikka ruokaillakin, jos haluaa.<\/p>\n\n\n\n<p>Pelaajam\u00e4\u00e4r\u00e4: 10\u201325<\/p>\n\n\n\n<p>Jos j\u00e4i jotain kysytt\u00e4v\u00e4\u00e4 voit olla yhteydess\u00e4 Tarinamestareihin s\u00e4hk\u00f6postilla tai puhelimitse. <\/p>\n\n\n\n<p>tilaukset@tarinamestarit.fi<br>044 577 2220<\/p>\n\n\n\n<p>Tarinamestarit ovat my\u00f6s peli\u00e4 sovittaessa yhteydess\u00e4 teihin jolloin voimme yhdess\u00e4 k\u00e4yd\u00e4 toiveitanne l\u00e4pi yksityiskohtaisemmin kauanko pelin tulisi kest\u00e4\u00e4 ja kuinka monta osallistujaa tarkalleen tulee. <\/p>\n\n\n\n<p>Tarinamestarit toivottavat mukavaa peli\u00e4 jo n\u00e4in etuk\u00e4teen!<\/p>\n","protected":false},"excerpt":{"rendered":"<p>Tarinalliset toimintapelit Tarjolla olevat pelit: Roistojen residenssi (tulossa syksyll\u00e4 2021) Kaikissa Tarinamestareiden toimintapeleiss\u00e4 l\u00e4hdet\u00e4\u00e4n joukkueittain etsim\u00e4\u00e4n aarretta, selvitt\u00e4m\u00e4\u00e4n arvoitusta tai voittamaan haasteita, v\u00e4h\u00e4n pelist\u00e4 riippuen. Luvassa on hauskoja ja haastavia teht\u00e4vi\u00e4, kimurantteja koodeja selvitett\u00e4v\u00e4ksi ja kilpailua aikaa vastaan. Osa toimintapeleist\u00e4mme on roolipelej\u00e4, jolloin pelaajalla on rooli, jota esitt\u00e4\u00e4 pelaamisen aikana. Osaan peleist\u00e4 taas jokainen tulee [&hellip;]<\/p>\n","protected":false},"author":3,"featured_media":0,"parent":0,"menu_order":0,"comment_status":"closed","ping_status":"closed","template":"template-fullwidth.php","meta":[],"yoast_head":"<!-- This site is optimized with the Yoast SEO plugin v15.8 - https:\/\/yoast.com\/wordpress\/plugins\/seo\/ -->\n<title>Tarinalliset toimintapelit - Tarinamestarit<\/title>\n<meta name=\"description\" content=\"Tarinalliset toimintapelit ovat pelimuoto jossa l\u00e4hdet\u00e4\u00e4n joukkueittain etsim\u00e4\u00e4n aarretta, selvitt\u00e4m\u00e4\u00e4n arvoitusta tai voittamaan haasteita\" \/>\n<meta name=\"robots\" content=\"index, follow, max-snippet:-1, max-image-preview:large, max-video-preview:-1\" \/>\n<link rel=\"canonical\" href=\"https:\/\/www.tarinamestarit.fi\/index.php\/tarinalliset-toimintapelit\/\" \/>\n<meta property=\"og:locale\" content=\"fi_FI\" \/>\n<meta property=\"og:type\" content=\"article\" \/>\n<meta property=\"og:title\" content=\"Tarinalliset toimintapelit - Tarinamestarit\" \/>\n<meta property=\"og:description\" content=\"Tarinalliset toimintapelit ovat pelimuoto jossa l\u00e4hdet\u00e4\u00e4n joukkueittain etsim\u00e4\u00e4n aarretta, selvitt\u00e4m\u00e4\u00e4n arvoitusta tai voittamaan haasteita\" \/>\n<meta property=\"og:url\" content=\"https:\/\/www.tarinamestarit.fi\/index.php\/tarinalliset-toimintapelit\/\" \/>\n<meta property=\"og:site_name\" content=\"Tarinamestarit\" \/>\n<meta property=\"article:modified_time\" content=\"2021-07-08T07:00:14+00:00\" \/>\n<meta property=\"og:image\" content=\"http:\/\/www.tarinamestarit.fi\/wp-content\/uploads\/2021\/07\/Tarinalliset-toimintapelit2.jpg\" \/>\n<meta name=\"twitter:card\" content=\"summary_large_image\" \/>\n<meta name=\"twitter:label1\" content=\"Est. reading time\">\n\t<meta name=\"twitter:data1\" content=\"2 minuuttia\">\n<script type=\"application\/ld+json\" class=\"yoast-schema-graph\">{\"@context\":\"https:\/\/schema.org\",\"@graph\":[{\"@type\":\"WebSite\",\"@id\":\"https:\/\/www.tarinamestarit.fi\/#website\",\"url\":\"https:\/\/www.tarinamestarit.fi\/\",\"name\":\"Tarinamestarit\",\"description\":\"verkkokauppa\",\"potentialAction\":[{\"@type\":\"SearchAction\",\"target\":\"https:\/\/www.tarinamestarit.fi\/?s={search_term_string}\",\"query-input\":\"required name=search_term_string\"}],\"inLanguage\":\"fi\"},{\"@type\":\"ImageObject\",\"@id\":\"https:\/\/www.tarinamestarit.fi\/index.php\/tarinalliset-toimintapelit\/#primaryimage\",\"inLanguage\":\"fi\",\"url\":\"http:\/\/www.tarinamestarit.fi\/wp-content\/uploads\/2021\/07\/Tarinalliset-toimintapelit2.jpg\"},{\"@type\":\"WebPage\",\"@id\":\"https:\/\/www.tarinamestarit.fi\/index.php\/tarinalliset-toimintapelit\/#webpage\",\"url\":\"https:\/\/www.tarinamestarit.fi\/index.php\/tarinalliset-toimintapelit\/\",\"name\":\"Tarinalliset toimintapelit - Tarinamestarit\",\"isPartOf\":{\"@id\":\"https:\/\/www.tarinamestarit.fi\/#website\"},\"primaryImageOfPage\":{\"@id\":\"https:\/\/www.tarinamestarit.fi\/index.php\/tarinalliset-toimintapelit\/#primaryimage\"},\"datePublished\":\"2021-03-04T19:27:04+00:00\",\"dateModified\":\"2021-07-08T07:00:14+00:00\",\"description\":\"Tarinalliset toimintapelit ovat pelimuoto jossa l\\u00e4hdet\\u00e4\\u00e4n joukkueittain etsim\\u00e4\\u00e4n aarretta, selvitt\\u00e4m\\u00e4\\u00e4n arvoitusta tai voittamaan haasteita\",\"breadcrumb\":{\"@id\":\"https:\/\/www.tarinamestarit.fi\/index.php\/tarinalliset-toimintapelit\/#breadcrumb\"},\"inLanguage\":\"fi\",\"potentialAction\":[{\"@type\":\"ReadAction\",\"target\":[\"https:\/\/www.tarinamestarit.fi\/index.php\/tarinalliset-toimintapelit\/\"]}]},{\"@type\":\"BreadcrumbList\",\"@id\":\"https:\/\/www.tarinamestarit.fi\/index.php\/tarinalliset-toimintapelit\/#breadcrumb\",\"itemListElement\":[{\"@type\":\"ListItem\",\"position\":1,\"item\":{\"@type\":\"WebPage\",\"@id\":\"https:\/\/www.tarinamestarit.fi\/\",\"url\":\"https:\/\/www.tarinamestarit.fi\/\",\"name\":\"Home\"}},{\"@type\":\"ListItem\",\"position\":2,\"item\":{\"@type\":\"WebPage\",\"@id\":\"https:\/\/www.tarinamestarit.fi\/index.php\/tarinalliset-toimintapelit\/\",\"url\":\"https:\/\/www.tarinamestarit.fi\/index.php\/tarinalliset-toimintapelit\/\",\"name\":\"Tarinalliset toimintapelit\"}}]}]}<\/script>\n<!-- \/ Yoast SEO plugin. -->","_links":{"self":[{"href":"https:\/\/www.tarinamestarit.fi\/index.php\/wp-json\/wp\/v2\/pages\/139"}],"collection":[{"href":"https:\/\/www.tarinamestarit.fi\/index.php\/wp-json\/wp\/v2\/pages"}],"about":[{"href":"https:\/\/www.tarinamestarit.fi\/index.php\/wp-json\/wp\/v2\/types\/page"}],"author":[{"embeddable":true,"href":"https:\/\/www.tarinamestarit.fi\/index.php\/wp-json\/wp\/v2\/users\/3"}],"replies":[{"embeddable":true,"href":"https:\/\/www.tarinamestarit.fi\/index.php\/wp-json\/wp\/v2\/comments?post=139"}],"version-history":[{"count":12,"href":"https:\/\/www.tarinamestarit.fi\/index.php\/wp-json\/wp\/v2\/pages\/139\/revisions"}],"predecessor-version":[{"id":887,"href":"https:\/\/www.tarinamestarit.fi\/index.php\/wp-json\/wp\/v2\/pages\/139\/revisions\/887"}],"wp:attachment":[{"href":"https:\/\/www.tarinamestarit.fi\/index.php\/wp-json\/wp\/v2\/media?parent=139"}],"curies":[{"name":"wp","href":"https:\/\/api.w.org\/{rel}","templated":true}]}}